{"id":3004,"date":"2024-03-02T10:59:06","date_gmt":"2024-03-02T13:59:06","guid":{"rendered":"https:\/\/crescernet.com.br\/plano30dias\/?post_type=product&#038;p=3004"},"modified":"2026-01-07T16:01:09","modified_gmt":"2026-01-07T19:01:09","slug":"livro-190-receitas-veganas-bonus","status":"publish","type":"product","link":"https:\/\/crescernet.com.br\/plano30dias\/index.php\/product\/livro-190-receitas-veganas-bonus\/","title":{"rendered":"Livro 190 Receitas Veganas + B\u00f4nus"},"content":{"rendered":"<p>Transforme sua alimenta\u00e7\u00e3o com <strong>190 receitas veganas<\/strong> criadas para atender a todos os gostos e ocasi\u00f5es, sem abrir m\u00e3o do sabor e da sa\u00fade. Seja para o caf\u00e9 da manh\u00e3, almo\u00e7o, jantar ou lanches, voc\u00ea encontrar\u00e1 op\u00e7\u00f5es deliciosas e nutritivas que v\u00e3o conquistar todos ao seu redor.<\/p>\n<h3>O que voc\u00ea vai encontrar neste ebook:<\/h3>\n<ul>\n<li><strong>190 receitas variadas<\/strong>, desde pratos principais at\u00e9 sobremesas e petiscos.<\/li>\n<li><strong>Receitas r\u00e1pidas e f\u00e1ceis<\/strong>, perfeitas para o dia a dia.<\/li>\n<li><strong>Alternativas saud\u00e1veis<\/strong> para todos os tipos de dieta e estilo de vida.<\/li>\n<li><strong>Op\u00e7\u00f5es sem gl\u00faten, sem soja e sem a\u00e7\u00facar<\/strong>, atendendo a diversas restri\u00e7\u00f5es alimentares.<\/li>\n<\/ul>\n<h3>E ainda: <strong>4 B\u00d4NUS Exclusivos!<\/strong> \ud83c\udf81<\/h3>\n<p>1\ufe0f\u20e3 <strong>Card\u00e1pio para 30 Dias Vegano<\/strong>: Um planejamento alimentar completo para um m\u00eas de refei\u00e7\u00f5es veganas deliciosas e equilibradas.<br \/>\n2\ufe0f\u20e3 <strong>Leites e Queijos Veganos<\/strong>: Aprenda a fazer alternativas deliciosas e nutritivas aos latic\u00ednios tradicionais.<br \/>\n3\ufe0f\u20e3 <strong>Transi\u00e7\u00e3o para o Veganismo<\/strong>: Dicas valiosas para quem deseja fazer uma transi\u00e7\u00e3o suave para o estilo de vida vegano.<br \/>\n4\ufe0f\u20e3 <strong>22 Receitas veganas para festas de fim de ano<\/strong><\/p>\n<p><strong>\ud83d\udc49 N\u00e3o perca tempo! Garanta agora sua c\u00f3pia e tenha acesso a tudo o que voc\u00ea precisa para adotar uma alimenta\u00e7\u00e3o vegana pr\u00e1tica, saud\u00e1vel e cheia de sabor!<\/strong><\/p>\n","protected":false},"excerpt":{"rendered":"<p>Transforme sua alimenta\u00e7\u00e3o com <strong>190 receitas veganas<\/strong> criadas para atender a todos os gostos e ocasi\u00f5es, sem abrir m\u00e3o do sabor e da sa\u00fade. Seja para o caf\u00e9 da manh\u00e3, almo\u00e7o, jantar ou lanches, voc\u00ea encontrar\u00e1 op\u00e7\u00f5es deliciosas e nutritivas que v\u00e3o conquistar todos ao seu redor.<\/p>\n<h3>O que voc\u00ea vai encontrar neste ebook:<\/h3>\n<ul>\n<li><strong>190 receitas variadas<\/strong>, desde pratos principais at\u00e9 sobremesas e petiscos.<\/li>\n<li><strong>Receitas r\u00e1pidas e f\u00e1ceis<\/strong>, perfeitas para o dia a dia.<\/li>\n<li><strong>Alternativas saud\u00e1veis<\/strong> para todos os tipos de dieta e estilo de vida.<\/li>\n<li><strong>Op\u00e7\u00f5es sem gl\u00faten, sem soja e sem a\u00e7\u00facar<\/strong>, atendendo a diversas restri\u00e7\u00f5es alimentares.<\/li>\n<\/ul>\n<h3>E ainda: <strong>4 B\u00d4NUS Exclusivos!<\/strong> \ud83c\udf81<\/h3>\n<p>1\ufe0f\u20e3 <strong>Card\u00e1pio para 30 Dias Vegano<\/strong>: Um planejamento alimentar completo para um m\u00eas de refei\u00e7\u00f5es veganas deliciosas e equilibradas.<br \/>\n2\ufe0f\u20e3 <strong>Leites e Queijos Veganos<\/strong>: Aprenda a fazer alternativas deliciosas e nutritivas aos latic\u00ednios tradicionais.<br \/>\n3\ufe0f\u20e3 <strong>Transi\u00e7\u00e3o para o Veganismo<\/strong>: Dicas valiosas para quem deseja fazer uma transi\u00e7\u00e3o suave para o estilo de vida vegano.<br \/>\n4\ufe0f\u20e3 <strong>22 Receitas veganas para festas de fim de ano<\/strong><\/p>\n<p><strong>\ud83d\udc49 N\u00e3o perca tempo! Garanta agora sua c\u00f3pia e tenha acesso a tudo o que voc\u00ea precisa para adotar uma alimenta\u00e7\u00e3o vegana pr\u00e1tica, saud\u00e1vel e cheia de sabor!<\/strong><\/p>\n","protected":false},"featured_media":3162,"comment_status":"open","ping_status":"closed","template":"","meta":{"_kadence_starter_templates_imported_post":false,"_kad_post_transparent":"default","_kad_post_title":"","_kad_post_layout":"default","_kad_post_sidebar_id":"","_kad_post_content_style":"default","_kad_post_vertical_padding":"default","_kad_post_feature":"","_kad_post_feature_position":"","_kad_post_header":false,"_kad_post_footer":false},"product_cat":[58],"product_tag":[],"class_list":{"0":"post-3004","1":"product","2":"type-product","3":"status-publish","4":"has-post-thumbnail","6":"product_cat-receitas-veganas","8":"first","9":"instock","10":"sale","11":"downloadable","12":"virtual","13":"sold-individually","14":"purchasable","15":"product-type-simple","16":"entry","17":"content-bg","18":"loop-entry"},"jetpack_sharing_enabled":true,"_links":{"self":[{"href":"https:\/\/crescernet.com.br\/plano30dias\/index.php\/wp-json\/wp\/v2\/product\/3004"}],"collection":[{"href":"https:\/\/crescernet.com.br\/plano30dias\/index.php\/wp-json\/wp\/v2\/product"}],"about":[{"href":"https:\/\/crescernet.com.br\/plano30dias\/index.php\/wp-json\/wp\/v2\/types\/product"}],"replies":[{"embeddable":true,"href":"https:\/\/crescernet.com.br\/plano30dias\/index.php\/wp-json\/wp\/v2\/comments?post=3004"}],"wp:featuredmedia":[{"embeddable":true,"href":"https:\/\/crescernet.com.br\/plano30dias\/index.php\/wp-json\/wp\/v2\/media\/3162"}],"wp:attachment":[{"href":"https:\/\/crescernet.com.br\/plano30dias\/index.php\/wp-json\/wp\/v2\/media?parent=3004"}],"wp:term":[{"taxonomy":"product_cat","embeddable":true,"href":"https:\/\/crescernet.com.br\/plano30dias\/index.php\/wp-json\/wp\/v2\/product_cat?post=3004"},{"taxonomy":"product_tag","embeddable":true,"href":"https:\/\/crescernet.com.br\/plano30dias\/index.php\/wp-json\/wp\/v2\/product_tag?post=3004"}],"curies":[{"name":"wp","href":"https:\/\/api.w.org\/{rel}","templated":true}]}}